nds digit of 14292761?
2
What is the units digit of 1996406?
6
What is the hundreds digit of 3151844?
8
What is the thousands digit of 6847882?
7
What is the hundred thousands digit of 300308?
3
What is the millions digit of 10795744?
0
What is the hundreds digit of 251508?
5
What is the tens digit of 1569870?
7
What is the hundred thousands digit of 1809986?
8
What is the thousands digit of 265984?
5
What is the ten thousands digit of 1233246?
3
What is the ten thousands digit of 1979811?
7
What is the thousands digit of 39338?
9
What is the ten thousands digit of 93731?
9
What is the hundreds digit of 1343118?
1
What is the ten thousands digit of 1008727?
0
What is the hundreds digit of 482892?
8
What is the hundreds digit of 4458001?
0
What is the hundreds digit of 51360?
3
What is the thousands digit of 290311?
0
What is the hundreds digit of 4189762?
7
What is the thousands digit of 3162856?
2
What is the ten thousands digit of 154289?
5
What is the units digit of 1355436?
6
What is the hundreds digit of 496331?
3
What is the millions digit of 2693765?
2
What is the tens digit of 186173?
7
What is the hundreds digit of 5144097?
0
What is the ten thousands digit of 78515?
7
What is the units digit of 260444?
4
What is the hundred thousands digit of 375858?
3
What is the ten thousands digit of 1405310?
0
What is the units digit of 139755?
5
What is the millions digit of 1800414?
1
What is the hundreds digit of 10390421?
4
What is the tens digit of 556632?
3
What is the hundred thousands digit of 9434152?
4
What is the hundreds digit of 949447?
4
What is the tens digit of 1545879?
7
What is the units digit of 10105515?
5
What is the thousands digit of 5707368?
7
What is the millions digit of 2668638?
2
What is the ten thousands digit of 713596?
1
What is the hundreds digit of 19834245?
2
What is the hundred thousands digit of 1229709?
2
What is the thousands digit of 58596?
8
What is the thousands digit of 826172?
6
What is the hundreds digit of 16214655?
6
What is the units digit of 502561?
1
What is the tens digit of 604809?
0
What is the thousands digit of 1086911?
6
What is the hundred thousands digit of 4503994?
5
What is the hundred thousands digit of 348775?
3
What is the thousands digit of 1908874?
8
What is the tens digit of 282145?
4
What is the thousands digit of 1146855?
6
What is the hundreds digit of 65925?
9
What is the hundreds digit of 352372?
3
What is the units digit of 7850764?
4
What is the hundreds digit of 28952007?
0
What is the tens digit of 9876001?
0
What is the hundred thousands digit of 374690?
3
What is the ten thousands digit of 29672974?
7
What is the hundred thousands digit of 514091?
5
What is the ten thousands digit of 137740?
3
What is the units digit of 391151?
1
What is the tens digit of 296133?
3
What is the hundreds digit of 129584?
5
What is the tens digit of 172093?
9
What is the tens digit of 1436970?
7
What is the ten thousands digit of 1541261?
4
What is the thousands digit of 9299150?
9
What is the units digit of 279454?
4
What is the ten thousands digit of 1937173?
3
What is the hundred thousands digit of 925040?
9
What is the thousands digit of 2674028?
4
What is the hundreds digit of 166464?
4
What is the hundreds digit of 473871?
8
What is the units digit of 214006?
6
What is the tens digit of 8603667?
6
What is the hundreds digit of 439073?
0
What is the millions digit of 17774780?
7
What is the thousands digit of 145550?
5
What is the units digit of 9238741?
1
What is the hundred thousands digit of 849308?
8
What is the hundred thousands digit of 2534896?
5
What is the hundreds digit of 87308?
3
What is the ten thousands digit of 5845194?
4
What is the tens digit of 9326969?
6
What is the hundreds digit of 985640?
6
What is the ten thousands digit of 77105?
7
What is the hundreds digit of 10175?
1
What is the thousands digit of 5197200?
7
What is the millions digit of 10752546?
0
What is the thousands digit of 989659?
9
What is the ten thousands digit of 413680?
1
What is the units digit of 1522939?
9
What is the tens digit of 302508?
0
What is the hundreds digit of 59890?
8
What is the hundred thousands digit of 4357518?
3
What is the hundreds digit of 149832?
8
What is the tens digit of 181221?
2
What is the thousands digit of 832490?
2
What is the hundreds digit of 1549996?
9
What is the hundreds digit of 181117?
1
What is the thousands digit of 348023?
8
What is the thousands digit of 15720587?
0
What is the hundred thousands digit of 1488057?
4
What is the hundred thousands digit of 11308713?
3
What is the tens digit of 4027630?
3
What is the thousands digit of 2471930?
1
What is the millions digit of 3717509?
3
What is the hundred thousands digit of 17987251?
9
What is the ten thousands digit of 282775?
8
What is the thousands digit of 304376?
4
What is the hundreds digit of 82821?
8
What is the ten thousands digit of 307842?
0
What is the ten thousands digit of 3138002?
3
What is the hundreds digit of 4746422?
4
What is the units digit of 2040200?
0
What is the hundreds digit of 7179423?
4
What is the units digit of 1206514?
4
What is the tens digit of 12363790?
9
What is the hundreds digit of 89244?
2
What is the tens digit of 13319336?
3
What is the hundreds digit of 65444?
4
What is the ten thousands digit of 241143?
4
What is the hundreds digit of 641533?
5
What is the tens digit of 209580?
8
What is the hundred thousands digit of 2006292?
0
What is the ten thousands digit of 2172731?
7
What is the hundreds digit of 67327?
3
What is the ten thousands digit of 32648809?
4
What is the thousands digit of 457942?
7
What is the hundred thousands digit of 264344?
2
What is the units digit of 995510?
0
What is the hundred thousands digit of 1431307?
4
What is the units digit of 5213054?
4
What is the thousands digit of 6045529?
5
What is the ten thousands digit of 101832?
0
What is the units digit of 468786?
6
What is the ten thousands digit of 198364?
9
What is the millions digit of 1158401?
1
What is the hundreds digit of 3587471?
4
What is the tens digit of 2706716?
1
What is the hundreds digit of 180947?
9
What is the tens digit of 48944?
4
What is the ten thousands digit of 21705280?
0
What is the hundred thousands digit of 4321139?
3
What is the thousands digit of 186233?
6
What is the ten thousands digit of 118325?
1
What is the thousands digit of 115491?
5
What is the thousands digit of 5475099?
5
What is the hundreds digit of 9241960?
9
What is the thousands digit of 4605712?
5
What is the hundred thousands digit of 144713?
1
What is the thousands digit of 502623?
2
What is the thousands digit of 2146826?
6
What is the hundred thousands digit of 102125?
1
What is the hundred thousands digit of 1966593?
9
What is the hundred thousands digit of 734071?
7
What is the tens digit of 808501?
0
What is the units digit of 2909748?
8
What is the hundreds digit of 489612?
6
What is the tens digit of 72955?
5
What is the ten thousands digit of 2574211?
7
What is the hundreds digit of 34099?
0
What is the hundred thousands digit of 359176?
3
What is the hundreds digit of 21032015?
0
What is the ten thousands digit of 261465?
6
What is the millions digit of 1930141?
1
What is the tens digit of 6589934?
3
What is the ten thousands digit of 41863?
4
What is the tens digit of 32515?
1
What is the thousands digit of 74151?
4
What is the tens digit of 30635229?
2
What is the units digit of 366925?
5
What is the ten thousands digit of 390168?
9
What is the units digit of 701609?
9
What is the tens digit of 1515120?
2
What is the tens digit of 12632701?
0
What is the hundreds digit of 1458494?
4
What is the hundreds digit of 518192?
1
What is the ten thousands digit of 90804?
9
What is the tens digit of 1718164?
6
What is the tens digit of 491120?
2
What is the tens digit of 102668?
6
What is the thousands digit of 515333?
5
What is the thousands digit of 81632?
1
What is the ten thousands digit of 680896?
8
What is the hundreds digit of 3619315?
3
What is the thousands digit of 216760?
6
What is the ten thousands digit of 93334?
9
What is the hundred thousands digit of 18304948?
3
What is the hundred thousands digit of 139524?
1
What is the units digit of 620628?
8
What is the hundreds digit